{"id":189,"date":"2017-01-07T15:08:20","date_gmt":"2017-01-07T14:08:20","guid":{"rendered":"http:\/\/www.gumpassisi.it\/?page_id=189"},"modified":"2017-01-07T15:08:20","modified_gmt":"2017-01-07T14:08:20","slug":"fossili","status":"publish","type":"page","link":"https:\/\/gumpassisi.it\/gumpW\/fossili\/","title":{"rendered":"Fossili"},"content":{"rendered":"<p style=\"text-align: center;\">Che cosa sono i Fossili? Come si formano?<\/p>\n<p><a href=\"https:\/\/gumpassisi.it\/gumpW\/wp-content\/uploads\/2017\/01\/DSCN3122.jpg\"><img loading=\"lazy\" decoding=\"async\" class=\" wp-image-190 alignleft\" src=\"https:\/\/gumpassisi.it\/gumpW\/wp-content\/uploads\/2017\/01\/DSCN3122-300x225.jpg\" alt=\"\" width=\"397\" height=\"298\" srcset=\"https:\/\/gumpassisi.it\/gumpW\/wp-content\/uploads\/2017\/01\/DSCN3122-300x225.jpg 300w, https:\/\/gumpassisi.it\/gumpW\/wp-content\/uploads\/2017\/01\/DSCN3122-768x576.jpg 768w, https:\/\/gumpassisi.it\/gumpW\/wp-content\/uploads\/2017\/01\/DSCN3122-1024x768.jpg 1024w, https:\/\/gumpassisi.it\/gumpW\/wp-content\/uploads\/2017\/01\/DSCN3122.jpg 2048w\" sizes=\"auto, (max-width: 397px) 100vw, 397px\" \/><\/a>Queste sono le domande pi\u00f9 ricorrenti dei visitatori, principalmente scolaresche, che abbiamo alla mostra permanente di geo-paleontologia ospitata presso il Parco Regionale del Monte Subasio. I fossili \u00a0sono i reperti che attraggono \u00a0maggiormente la curiosit\u00e0 del visitatore, ed \u00e8 propri oper questo motivo che i nostri percorsi iniziano cercando di dare delle risposte alle due domande che pi\u00f9 ci rivolgono.<\/p>\n<p><a href=\"https:\/\/gumpassisi.it\/gumpW\/wp-content\/uploads\/2017\/01\/uovo3.jpg\"><img loading=\"lazy\" decoding=\"async\" class=\"alignnone  wp-image-191\" src=\"https:\/\/gumpassisi.it\/gumpW\/wp-content\/uploads\/2017\/01\/uovo3-300x284.jpg\" alt=\"\" width=\"454\" height=\"430\" srcset=\"https:\/\/gumpassisi.it\/gumpW\/wp-content\/uploads\/2017\/01\/uovo3-300x284.jpg 300w, https:\/\/gumpassisi.it\/gumpW\/wp-content\/uploads\/2017\/01\/uovo3.jpg 500w\" sizes=\"auto, (max-width: 454px) 100vw, 454px\" \/><\/a><\/p>\n<p>&nbsp;<\/p>\n<p>La <strong>Paleontologia<\/strong> \u00e8 la scienza che studia i fossili, resti di organismi vissuti in tempi pi\u00f9 o meno lontani dalla nostra epoca.<\/p>\n<p>La mostra di questo materiale \u00e8 una testimonianza suggestiva del passato di\u00a0 milioni e miliardi di anni fa; questo \u00e8 documentato\u00a0 ampiamente sulle rocce della terra\u00a0 e anche in quelle delle montagne umbre.<\/p>\n<p>Gli organismi viventi, dopo la morte, sono destinati alla distruzione; a volte sopravvengono per\u00f2 particolari processi chimico-fisici che permettono la conservazione di alcune parti quali ad esempio le parti scheletriche mineralizzate e, molto pi\u00f9 raramente, quelle molli: si formano cos\u00ec i fossili.<\/p>\n<p>Il termine <b>fossile<\/b> (dal latino <i>fodere<\/i>, che significa &#8220;scavare&#8221;) viene usato in paleontologia per indicare resti di organismi un tempo viventi o meglio pi\u00f9 in generale viene usato per una qualsiasi testimonianza di vita\u00a0passata (antecedente all&#8217;epoca attuale) come ad esempio i resti animali, come\u00a0ossa, denti, uova, conchiglie; i resti vegetali (foglie, tronchi, pollini); ed evidenze di attivit\u00e0 vitale (strutture di bioturbazione come tane e orme) e tracce legate all&#8217;alimentazione (coproliti).<\/p>\n<p><a href=\"https:\/\/gumpassisi.it\/gumpW\/wp-content\/uploads\/2017\/01\/Ambra.jpg\"><img loading=\"lazy\" decoding=\"async\" class=\"alignnone  wp-image-192\" src=\"https:\/\/gumpassisi.it\/gumpW\/wp-content\/uploads\/2017\/01\/Ambra-300x225.jpg\" alt=\"\" width=\"483\" height=\"362\" srcset=\"https:\/\/gumpassisi.it\/gumpW\/wp-content\/uploads\/2017\/01\/Ambra-300x225.jpg 300w, https:\/\/gumpassisi.it\/gumpW\/wp-content\/uploads\/2017\/01\/Ambra-768x576.jpg 768w, https:\/\/gumpassisi.it\/gumpW\/wp-content\/uploads\/2017\/01\/Ambra-1024x768.jpg 1024w, https:\/\/gumpassisi.it\/gumpW\/wp-content\/uploads\/2017\/01\/Ambra.jpg 2048w\" sizes=\"auto, (max-width: 483px) 100vw, 483px\" \/><\/a><\/p>\n<p>&nbsp;<\/p>\n<p>&nbsp;<\/p>\n<p>&nbsp;<\/p>\n<p>&nbsp;<\/p>\n","protected":false},"excerpt":{"rendered":"<p>Che cosa sono i Fossili? Come si formano? Queste sono le domande pi\u00f9 ricorrenti dei visitatori, principalmente scolaresche, che abbiamo alla mostra permanente di geo-paleontologia ospitata presso il Parco Regionale del Monte Subasio. I fossili \u00a0sono i reperti che attraggono \u00a0maggiormente la curiosit\u00e0 del visitatore, ed \u00e8 propri oper questo motivo che i nostri percorsi &hellip; <a href=\"https:\/\/gumpassisi.it\/gumpW\/fossili\/\" class=\"more-link\">Continua la lettura di <span class=\"screen-reader-text\">Fossili<\/span> <span class=\"meta-nav\">&rarr;<\/span><\/a><\/p>\n","protected":false},"author":2,"featured_media":0,"parent":0,"menu_order":6,"comment_status":"closed","ping_status":"closed","template":"","meta":{"footnotes":""},"class_list":["post-189","page","type-page","status-publish","hentry"],"_links":{"self":[{"href":"https:\/\/gumpassisi.it\/gumpW\/wp-json\/wp\/v2\/pages\/189","targetHints":{"allow":["GET"]}}],"collection":[{"href":"https:\/\/gumpassisi.it\/gumpW\/wp-json\/wp\/v2\/pages"}],"about":[{"href":"https:\/\/gumpassisi.it\/gumpW\/wp-json\/wp\/v2\/types\/page"}],"author":[{"embeddable":true,"href":"https:\/\/gumpassisi.it\/gumpW\/wp-json\/wp\/v2\/users\/2"}],"replies":[{"embeddable":true,"href":"https:\/\/gumpassisi.it\/gumpW\/wp-json\/wp\/v2\/comments?post=189"}],"version-history":[{"count":1,"href":"https:\/\/gumpassisi.it\/gumpW\/wp-json\/wp\/v2\/pages\/189\/revisions"}],"predecessor-version":[{"id":194,"href":"https:\/\/gumpassisi.it\/gumpW\/wp-json\/wp\/v2\/pages\/189\/revisions\/194"}],"wp:attachment":[{"href":"https:\/\/gumpassisi.it\/gumpW\/wp-json\/wp\/v2\/media?parent=189"}],"curies":[{"name":"wp","href":"https:\/\/api.w.org\/{rel}","templated":true}]}}